383074?
2, 3, 13, 433261
What are the prime factors of 1337752581?
3, 11, 5413, 7489
What are the prime factors of 3791217440?
2, 5, 19, 137, 9103
What are the prime factors of 344410358?
2, 4177, 41227
List the prime factors of 14800756.
2, 419, 8831
What are the prime factors of 2942064092?
2, 11, 66865093
What are the prime factors of 15058299?
3, 43, 116731
List the prime factors of 5361252026.
2, 13, 691, 298411
List the prime factors of 34436332.
2, 7, 1229869
What are the prime factors of 918167125?
5, 7345337
What are the prime factors of 249674728?
2, 433, 72077
What are the prime factors of 1638283830?
2, 3, 5, 79, 463, 1493
List the prime factors of 61982214.
2, 3, 7, 59, 25013
List the prime factors of 178596999.
3, 7, 2834873
What are the prime factors of 55610261?
7, 571, 13913
List the prime factors of 93383625.
3, 5, 29, 31, 277
What are the prime factors of 77883172?
2, 19470793
What are the prime factors of 791513628?
2, 3, 19, 23, 149, 1013
What are the prime factors of 547134641?
1709, 320149
List the prime factors of 5102840935.
5, 41, 67, 103, 3607
What are the prime factors of 44749416?
2, 3, 1864559
What are the prime factors of 1528621117?
19, 29, 2774267
List the prime factors of 23980592.
2, 53, 28279
List the prime factors of 5023651709.
5023651709
List the prime factors of 75836358.
2, 3, 13, 59, 1831
What are the prime factors of 178561152?
2, 3, 7, 11, 61
What are the prime factors of 114578530?
2, 5, 11, 94693
What are the prime factors of 668903874?
2, 3, 199, 560221
What are the prime factors of 164282244?
2, 3, 7, 41, 47701
List the prime factors of 486031795.
5, 31, 43, 72923
List the prime factors of 1040977638.
2, 3, 57832091
What are the prime factors of 308330959?
1453, 212203
List the prime factors of 410213772.
2, 3, 11394827
List the prime factors of 134267353.
11, 23, 530701
What are the prime factors of 85978043?
1783, 48221
What are the prime factors of 38361130?
2, 5, 3836113
What are the prime factors of 76538922?
2, 3, 12756487
List the prime factors of 830815627.
331, 2510017
List the prime factors of 46783330.
2, 5, 11, 47, 9049
What are the prime factors of 60596182?
2, 30298091
What are the prime factors of 66849747?
3, 541, 41189
List the prime factors of 4742601337.
337, 14073001
List the prime factors of 2526967517.
61, 41425697
What are the prime factors of 542303472?
2, 3, 19, 587, 1013
What are the prime factors of 26902683?
3, 41, 72907
List the prime factors of 344657458.
2, 113, 1525033
List the prime factors of 3450842909.
19, 181623311
List the prime factors of 210709408.
2, 7, 13, 10337
List the prime factors of 54224840.
2, 5, 47, 28843
What are the prime factors of 68940350?
2, 5, 1378807
List the prime factors of 22323028.
2, 7, 13, 8761
List the prime factors of 494022394.
2, 3761, 65677
What are the prime factors of 51400217?
11, 4672747
List the prime factors of 66646619.
13, 2137, 2399
List the prime factors of 8294560247.
109, 191, 239, 1667
What are the prime factors of 124648138?
2, 1319, 47251
What are the prime factors of 417490098?
2, 3, 1733, 40151
What are the prime factors of 78737926?
2, 2237, 17599
List the prime factors of 45402063.
3, 7, 2162003
What are the prime factors of 49146834?
2, 3, 11, 744649
What are the prime factors of 4809840864?
2, 3, 50102509
List the prime factors of 463277600.
2, 5, 239, 2423
What are the prime factors of 594020471?
11, 23, 2347907
What are the prime factors of 418756908?
2, 3, 73, 101, 4733
What are the prime factors of 36711936?
2, 3, 31, 257
List the prime factors of 1209318369.
3, 7, 43, 1339223
What are the prime factors of 2160853517?
89, 24279253
What are the prime factors of 3978696?
2, 3, 165779
List the prime factors of 382736389.
7, 743, 73589
List the prime factors of 1802360443.
13, 138643111
List the prime factors of 1116548259.
3, 1129, 329657
List the prime factors of 1222732813.
1222732813
What are the prime factors of 29502817?
29502817
List the prime factors of 109784404.
2, 79, 103, 3373
List the prime factors of 106328074.
2, 683, 77839
List the prime factors of 64995268.
2, 13, 311, 4019
List the prime factors of 767612439.
3, 11, 1327, 5843
List the prime factors of 59061987.
3, 157, 13933
List the prime factors of 1127221899.
3, 375740633
What are the prime factors of 1539659896?
2, 192457487
List the prime factors of 68096802.
2, 3, 103, 251, 439
What are the prime factors of 952614455?
5, 13, 71, 151, 1367
List the prime factors of 502950770.
2, 5, 7, 29, 247759
What are the prime factors of 74520176?
2, 607, 7673
List the prime factors of 2118768890.
2, 5, 7, 41, 738247
What are the prime factors of 826299317?
149, 233, 23801
What are the prime factors of 3629471261?
13, 279190097
List the prime factors of 947462215.
5, 7, 43, 179, 3517
What are the prime factors of 231809182?
2, 11, 10536781
What are the prime factors of 1592066697?
3, 13, 79, 39749
What are the prime factors of 13468189?
7, 274861
List the prime factors of 1782595517.
18457, 96581
List the prime factors of 1167371592.
2, 3, 1481, 32843
What are the prime factors of 333646815?
3, 5, 22243121
List the prime factors of 19465831.
7, 11, 101, 2503
What are the prime factors of 490534700?
2, 5, 31, 79, 2003
What are the prime factors of 471807825?
3, 5, 43, 146297
What are the prime factors of 23883517?
7, 79, 43189
What are the prime factors of 1860766034?
2, 29, 139, 230807
List the prime factors of 4150553521.
61, 68041861
What are the prime factors of 139956964?
2, 7, 19, 263077
List the prime factors of 353889765.
3, 5, 17, 73, 6337
List the prime factors of 77017961.
23, 709, 4723
List the prime factors of 315657176.
2, 39457147
What are the prime factors of 490677439?
7, 599, 117023
List the prime factors of 1394104586.
2, 7, 14225557
List the prime factors of 435750148.
2, 113, 964049
List the prime factors of 36588942.
2, 3, 13, 52121
List the prime factors of 157973306.
2, 4127, 19139
What are the prime factors of 146187887?
4657, 31391
What are the prime factors of 111906319?
7, 15986617
What are the prime factors of 351892881?
3, 167, 257, 911
What are the prime factors of 396865861?
7, 5333, 10631
What are the prime factors of 1087594406?
2, 543797203
What are the prime factors of 5922507?
3, 797, 2477
What are the prime factors of 200539129?
7, 19, 1507813
List the prime factors of 131031161.
23, 401, 14207
List the prime factors of 6456875103.
3, 7, 102490081
List the prime factors of 302796745.
5, 60559349
List the prime factors of 84668303.
84668303
List the prime factors of 743807366.
2, 31, 73, 164341
What are the prime factors of 82346155?
5, 71, 231961
List the prime factors of 15671812.
2, 13, 301381
List the prime factors of 130374523.
19, 6861817
What are the prime factors of 33723426?
2, 3, 11, 46451
List the prime factors of 741855852.
2, 3, 59, 103, 3391
List the prime factors of 12894953.
53, 243301
What are the prime factors of 1342989957?
3, 447663319
What are the prime factors of 52410009?
3, 467, 37409
What are the prime factors of 461789431?
1051, 439381
What are the prime factors of 38726961?
3, 7, 13, 43, 3299
List the prime factors of 25795129.
25795129
List the prime factors of 92778772.
2, 29, 799817
What are the prime factors of 6522290?
2, 5, 652229
What are the prime factors of 211124135?
5, 223, 189349
What are the prime factors of 87993338?
2, 43996669
List the prime factors of 821357517.
3, 19, 29, 496889
What are the prime factors of 254547239?
17, 29, 516323
List the prime factors of 265557885.
3, 5, 23, 769733
What are the prime factors of 213235929?
3, 263, 30029
What are the prime factors of 89609654?
2, 31, 1445317
List the prime factors of 61922407.
31, 499, 4003
What are the prime factors of 1531808481?
3, 7, 19, 103, 37273
What are the prime factors of 3183139461?
3, 1061046487
What are the prime factors of 209043141?
3, 69681047
What are the prime factors of 130556864?
2, 2039951
List the prime factors of 754886888.
2, 7, 13480123
List the prime factors of 5262013.
5262013
What are the prime factors of 32066259?
3, 10688753
What are the prime factors of 2736138?
2, 3, 456023
List the prime factors of 21743620.
2, 5, 29, 37489
List the prime factors of 259050079.
773, 335123
What 